603 is divided by 755?
748
What is the remainder when 86219 is divided by 247?
16
What is the remainder when 195346 is divided by 65111?
13
Calculate the remainder when 27692 is divided by 104.
28
Calculate the remainder when 6166 is divided by 2506.
1154
What is the remainder when 10550 is divided by 22?
12
What is the remainder when 23784 is divided by 1800?
384
What is the remainder when 140852 is divided by 1452?
8
Calculate the remainder when 764279 is divided by 660.
659
What is the remainder when 5160 is divided by 5141?
19
Calculate the remainder when 28115 is divided by 380.
375
Calculate the remainder when 5451 is divided by 676.
43
What is the remainder when 6659 is divided by 155?
149
What is the remainder when 734077 is divided by 13?
6
What is the remainder when 282 is divided by 52?
22
Calculate the remainder when 10328 is divided by 3441.
5
What is the remainder when 54506 is divided by 115?
111
Calculate the remainder when 5734 is divided by 141.
94
Calculate the remainder when 42634 is divided by 204.
202
Calculate the remainder when 29757 is divided by 172.
1
Calculate the remainder when 10705 is divided by 984.
865
What is the remainder when 134595 is divided by 28?
27
What is the remainder when 2943 is divided by 29?
14
Calculate the remainder when 165306 is divided by 22.
20
Calculate the remainder when 110 is divided by 31.
17
Calculate the remainder when 135345 is divided by 134.
5
Calculate the remainder when 130629 is divided by 1407.
1185
What is the remainder when 205 is divided by 149?
56
What is the remainder when 36074 is divided by 39?
38
What is the remainder when 5626 is divided by 32?
26
What is the remainder when 524830 is divided by 672?
670
Calculate the remainder when 265956 is divided by 7.
5
What is the remainder when 18946 is divided by 50?
46
What is the remainder when 28901 is divided by 59?
50
What is the remainder when 3798 is divided by 145?
28
Calculate the remainder when 1771 is divided by 91.
42
What is the remainder when 19134 is divided by 158?
16
Calculate the remainder when 206810 is divided by 33.
32
Calculate the remainder when 7081 is divided by 1436.
1337
Calculate the remainder when 1483 is divided by 632.
219
Calculate the remainder when 11445 is divided by 11443.
2
What is the remainder when 505723 is divided by 1058?
1057
Calculate the remainder when 9484 is divided by 1834.
314
What is the remainder when 241 is divided by 113?
15
Calculate the remainder when 423 is divided by 11.
5
Calculate the remainder when 34998 is divided by 3881.
69
What is the remainder when 166502 is divided by 100?
2
What is the remainder when 3160 is divided by 121?
14
What is the remainder when 654719 is divided by 320?
319
Calculate the remainder when 49499 is divided by 49484.
15
Calculate the remainder when 2071 is divided by 260.
251
What is the remainder when 13286 is divided by 1898?
0
What is the remainder when 13714 is divided by 273?
64
Calculate the remainder when 1567 is divided by 742.
83
Calculate the remainder when 143874 is divided by 30.
24
Calculate the remainder when 2436 is divided by 520.
356
What is the remainder when 222280 is divided by 477?
475
Calculate the remainder when 63771 is divided by 15938.
19
Calculate the remainder when 3363 is divided by 482.
471
Calculate the remainder when 2543 is divided by 76.
35
Calculate the remainder when 1483 is divided by 753.
730
What is the remainder when 101097 is divided by 100?
97
What is the remainder when 18285 is divided by 1312?
1229
What is the remainder when 945 is divided by 168?
105
What is the remainder when 91163 is divided by 148?
143
Calculate the remainder when 4881 is divided by 78.
45
What is the remainder when 20406 is divided by 1022?
988
Calculate the remainder when 2235478 is divided by 120.
118
Calculate the remainder when 468 is divided by 76.
12
What is the remainder when 2929 is divided by 467?
127
What is the remainder when 1091991 is divided by 247?
4
What is the remainder when 6421 is divided by 6403?
18
Calculate the remainder when 1830 is divided by 593.
51
Calculate the remainder when 12965 is divided by 2548.
225
What is the remainder when 459254 is divided by 51?
50
Calculate the remainder when 577 is divided by 542.
35
Calculate the remainder when 151095 is divided by 47.
37
Calculate the remainder when 23867 is divided by 11.
8
Calculate the remainder when 195620 is divided by 1796.
1652
What is the remainder when 1711 is divided by 1333?
378
What is the remainder when 96736 is divided by 4606?
10
Calculate the remainder when 85234 is divided by 34.
30
What is the remainder when 176627 is divided by 152?
3
What is the remainder when 6146 is divided by 114?
104
What is the remainder when 78777 is divided by 1358?
13
Calculate the remainder when 16763 is divided by 5570.
53
What is the remainder when 32792 is divided by 35?
32
Calculate the remainder when 1414 is divided by 23.
11
What is the remainder when 27850 is divided by 9207?
229
What is the remainder when 25467 is divided by 221?
52
What is the remainder when 7779 is divided by 3851?
77
Calculate the remainder when 210181 is divided by 47.
44
What is the remainder when 9442 is divided by 316?
278
What is the remainder when 3922 is divided by 1934?
54
What is the remainder when 172444 is divided by 6632?
12
Calculate the remainder when 29566 is divided by 29337.
229
Calculate the remainder when 7380 is divided by 29.
14
What is the remainder when 105724 is divided by 396?
388
Calculate the remainder when 3915 is divided by 3657.
258
What is the remainder when 101439 is divided by 229?
221
What is the remainder when 341780 is divided by 170880?
20
What is the remainder when 10655 is divided by 15?
5
What is the remainder when 3307 is divided by 982?
361
Calculate the remainder when 2399 is divided by 156.
59
Calculate the remainder when 10353 is divided by 19.
17
Calculate the remainder when 3534 is divided by 948.
690
What is the remainder when 4408 is divided by 44?
8
Calculate the remainder when 16957 is divided by 246.
229
What is the remainder when 2255 is divided by 374?
11
What is the remainder when 89459 is divided by 107?
7
Calculate the remainder when 108248 is divided by 573.
524
Calculate the remainder when 24354 is divided by 19.
15
What is the remainder when 40283 is divided by 2877?
5
What is the remainder when 44592 is divided by 351?
15
What is the remainder when 1820 is divided by 90?
20
What is the remainder when 26228 is divided by 109?
68
Calculate the remainder when 77692 is divided by 1494.
4
Calculate the remainder when 13752 is divided by 1173.
849
What is the remainder when 5262 is divided by 1047?
27
What is the remainder when 18711 is divided by 2293?
367
What is the remainder when 4247 is divided by 14?
5
What is the remainder when 28097 is divided by 126?
125
Calculate the remainder when 134725 is divided by 201.
55
Calculate the remainder when 4279 is divided by 1057.
51
Calculate the remainder when 100263 is divided by 172.
159
What is the remainder when 4898240 is divided by 1099?
1096
What is the remainder when 1149 is divided by 149?
106
What is the remainder when 11603 is divided by 71?
30
What is the remainder when 5307 is divided by 4411?
896
What is the remainder when 282042 is divided by 2564?
2
What is the remainder when 118664 is divided by 58?
54
Calculate the remainder when 2794363 is divided by 152.
147
Calculate the remainder when 6694 is divided by 695.
439
What is the remainder when 7363 is divided by 127?
124
What is the remainder when 7764 is divided by 2581?
21
What is the remainder when 505681 is divided by 588?
1
What is the remainder when 34480 is divided by 11492?
4
What is the remainder when 1642 is divided by 522?
76
What is the remainder when 37074 is divided by 62?
60
Calculate the remainder when 2186 is divided by 571.
473
What is the remainder when 1772 is divided by 1730?
42
Calculate the remainder when 130206 is divided by 168.
6
What is the remainder when 377 is divided by 69?
32
Calculate the remainder when 416517 is divided by 130.
127
Calculate the remainder when 209864 is divided by 85.
84
What is the remainder when 20589 is divided by 1585?
1569
Calculate the remainder when 5606 